f (-10)/x - g/5?
3
Suppose -9*c = 6*c - 1635. List the prime factors of c.
109
Let c = -10 - -18. Let v = 7 + c. What are the prime factors of v?
3, 5
Let m be (-8)/6*-15*1. Let p = m + -13. What are the prime factors of p?
7
Let w(k) = -k**3 - 5*k**2 + 6*k - 2. Let l be w(-6). List the prime factors of -6 + 5 - (-24 - l).
3, 7
Suppose -4*k - 2*r - 120 + 394 = 0, 72 = k - 3*r. What are the prime factors of k?
3, 23
Suppose -5*x + 9 = -5*m - 1, -3*m + 18 = 5*x. Suppose -2 = -w + 1. Let s = w - m. List the prime factors of s.
2
Let t be 10/(-45) + 580/18. Let p = t + -8. What are the prime factors of p?
2, 3
Let u be 2/(-7) + (-80)/(-35). Suppose 30 = 3*y + u*y. What are the prime factors of y?
2, 3
Suppose -5*l + 2*w + 27 = -2*w, -15 = -4*l + w. Suppose 56 = m + l*m. List the prime factors of m.
2, 7
Let t(v) be the third derivative of v**6/120 - v**5/30 - v**3/6 + 4*v**2. What are the prime factors of t(3)?
2
Suppose -5*d - 4*s = -0*d + 12, 3*d - 2*s - 6 = 0. Let h(q) = q**3 - 11*q**2 + 9*q + 14. Let c be h(10). Let k = d + c. What are the prime factors of k?
2
What are the prime factors of (15/4)/((-8)/(-64))?
2, 3, 5
Suppose 2*r - r + 44 = 0. Suppose -g = 3*o - 2*g - 20, o + 5*g + 4 = 0. What are the prime factors of (r/(-6))/(4/o)?
11
Let y(a) = a**2 - 2*a + 2. Suppose -3*h - 5*q = 4, 4*h = -q - 0*q + 6. List the prime factors of y(h).
2
Let h = 22 + -14. Suppose -51 = -h*j + 5*j. What are the prime factors of j?
17
Let c = -472 - -699. List the prime factors of c.
227
Let k(x) = -6 + 3 - 2*x - 3*x + x**2. Suppose 0 = -3*w + 2*r + 2*r + 18, -3*w = 3*r - 18. List the prime factors of k(w).
3
Let j(u) = -2*u**3 - 5*u**2 + u - 4. What are the prime factors of j(-4)?
2, 5
Let n(f) = -f**2 + 16*f + 6. Let p be n(8). Let k be 2/10 - p/(-25). Suppose 0 = k*i - b - 26, -5*i - 4*b = -47 - 2. What are the prime factors of i?
3
Let i(x) = -2*x**2 + 2*x + 2. Let b be (1/(-3))/(3/(-18)). Let p be i(b). Let r = 2 - p. What are the prime factors of r?
2
List the prime factors of 12/(-3) - (-288)/6.
2, 11
Suppose -3*d = -3*r - 222, d = 5*d + 4*r - 328. List the prime factors of d.
2, 3, 13
Suppose 0 = 3*w + w - 12. Suppose -4*p = m + 16, m - w*m - 5*p - 17 = 0. Suppose 0 = 4*u + m - 32. List the prime factors of u.
7
What are the prime factors of (100/(-15))/((-4)/6)?
2, 5
What are the prime factors of (-69)/(-5) - 14/(-70)?
2, 7
Let v(j) be the first derivative of 2*j**3/3 + j**2 - 2*j + 1. Suppose k - 1 + 0 = c, 3*c + 3*k = -15. List the prime factors of v(c).
2, 5
What are the prime factors of 3/(-15) + 3332/35?
5, 19
List the prime factors of 32 - 0 - -2*(-3)/(-2).
5, 7
Let l be (-1 - 1)/(-3 - -2). Let o(h) = 5*h + 4*h**2 - 6 + 0*h**l - 3*h**2. List the prime factors of o(-7).
2
Let v = -3 + 6. Suppose -x = -3*u + 8 - 0, -3*u + v*x = 0. Suppose 2*z + 20 = u*z. List the prime factors of z.
2, 5
Suppose -a + 98 = 5. What are the prime factors of a?
3, 31
Suppose -2*m + 79 = l, m - 5*l - 4 = 19. What are the prime factors of m?
2, 19
Let z = 194 + -56. Suppose -5*g + z = 33. Let x = g - 13. List the prime factors of x.
2
Suppose 4*d - 7*d + 174 = 4*y, -2*d - 3*y + 116 = 0. Suppose -3*k + 32 = -d. What are the prime factors of k?
2, 3, 5
Let y(o) = 22*o. Let v be y(-1). Let p = 119 - 81. Let l = v + p. What are the prime factors of l?
2
Suppose 2*x = 3*g + 598, 4*x + x - 1514 = -2*g. List the prime factors of x.
2, 151
Suppose 3*g - 18 = -0*g. Let x = -4 + g. What are the prime factors of x?
2
Suppose s - 2*s + 83 = 0. What are the prime factors of s?
83
Let q(j) = -j**3 + 4*j**2 + 5*j + 1. Let y be q(5). Suppose -2*i - 6 = 0, -2*f - 5*i - 9 = -0*f. What are the prime factors of y/2*(f - -23)?
13
Suppose 792 = 5*f + 4*u + 59, 0 = 2*f - 2*u - 286. List the prime factors of f.
5, 29
Suppose -4*j - 2*g = 2*g - 16, 5*j - 4*g + 25 = 0. Suppose -v + 0 = -2. Let o = v - j. What are the prime factors of o?
3
Suppose -5*w - 5*h + 1 + 29 = 0, w + 2*h = 7. Suppose 3*m - w*g = 12 + 15, -5*g - 19 = -m. Suppose 9 = m*q - 11. What are the prime factors of q?
5
Let b(v) = v + 1. Let g(j) = j. Let h be 3 + -1 + -2 - -2. Let p(q) = h*g(q) - b(q). List the prime factors of p(5).
2
Suppose 0 = -4*u + d - 4 + 91, -12 = -u - 3*d. List the prime factors of u.
3, 7
Let q = 1 - -6. Suppose 1 = -2*j + q. Suppose -5*h + 17 = -5*l - 78, j*h = -2*l + 37. What are the prime factors of h?
3, 5
Suppose -5*x - 1 - 6 = 2*w, 4*w + 8 = -4*x. Let z = x + 3. What are the prime factors of -3 + 1 + 24/z?
2, 5
Suppose 0*b - 5*a - 334 = -3*b, 4*b = -5*a + 422. List the prime factors of b.
2, 3
Suppose -11*a + 948 = -1560. What are the prime factors of a?
2, 3, 19
Let a(k) = k**2 + k + 8. Let h be a(7). Suppose -4*r + 3*w + h - 4 = 0, -82 = -5*r + 2*w. List the prime factors of r.
2, 3
Let z(g) = -g - 6. Let s(q) = q - 2. Let d be s(7). Let m be z(d). What are the prime factors of m/(-3) - (-2)/(-3)?
3
What are the prime factors of (-4)/(4/3) + 1*38?
5, 7
List the prime factors of ((1 - -2) + 14)*1.
17
Suppose -4*o - 3*x = x - 448, 2*o + 3*x = 221. List the prime factors of o.
5, 23
Let p be 32/7 - 3/(-7). Suppose -9*r + 28 = -p*r. List the prime factors of r.
7
Suppose -5*b = 4*s - 22, 2*s = -2*b - 5 + 15. Suppose -2*x + 6 = -4*a, 11 + 4 = -5*x. List the prime factors of -1 - s*10/a.
3
Suppose 5*q - p - 18 = 0, -4*q + p = 2*p - 18. Suppose c - q = 5*j, -5*c = 5*j + 5 - 55. List the prime factors of c.
3
Suppose 3*y - 6 = 0, 4*y - 45 = b - 2*b. List the prime factors of b.
37
Let h(b) = 6*b - 1. Let d be 11/1 + 1/(-1). Suppose 0 = -4*i - 3*f + d, 4*i - 6*f + f + 6 = 0. List the prime factors of h(i).
5
Let g(r) = -r**3 - 2*r**2 + 4*r + 3. Let s be g(-3). Suppose 0 = 2*f - s*p + 2*p - 8, -5*p = -3*f + 52. List the prime factors of f.
3
What are the prime factors of -4*2*(-36)/8?
2, 3
Let b = -4 + 15. Suppose -q + 2*q + b = -4*u, -3*u + 32 = -5*q. Let y = -5 - q. What are the prime factors of y?
2
Suppose -5*u = -0*u. Let r = u - -7. List the prime factors of r.
7
Let w be (-2 - -2) + 2 - -2. Let a be -2*w/((-16)/(-6)). Let i = 5 + a. What are the prime factors of i?
2
Let i(k) = -k**2 - 22*k - 23. What are the prime factors of i(-11)?
2, 7
Suppose 9*f = 13*f - 52. Let t = f + -4. What are the prime factors of t?
3
Let p be 16/(-6)*12/8. List the prime factors of p + (-4)/(-4) - -41.
2, 19
Let x be 3*-1*2/2. What are the prime factors of 15 + 0/x + -1?
2, 7
Let s be 2*1/(-4)*-64. Suppose -5*g = -2*h + s, -g = -4*h + 2*g + 50. List the prime factors of h.
11
Suppose 2*x = -3*y + 7*x + 16, -4*y + 2*x = -12. Suppose y = -d + v, v + 0 = 2. Suppose d = 4*n - 6*n + 24. What are the prime factors of n?
2, 3
Suppose 0 = -3*y - 2*f + 546, -7*f = -y - 3*f + 196. List the prime factors of y.
2, 23
Let f = -27 + 280. List the prime factors of f.
11, 23
Let w(c) = 4*c. Let s be w(1). Let l be (9/(-12))/(1/s). Let y = l - -15. What are the prime factors of y?
2, 3
List the prime factors of 178/3 + (3/(-9))/1.
59
Suppose u - 21 - 31 = 0. Let t be 4/(-14) - (-69)/21. Suppose -u = -4*j - z - 0*z, 16 = t*j - 5*z. List the prime factors of j.
2, 3
Let h = 81 - 54. List the prime factors of h.
3
Suppose n + 12 = -9. Let p = n + 39. What are the prime factors of p?
2, 3
Let r = -45 - -149. List the prime factors of r.
2, 13
Suppose 3*u - 96 = -u. Let d = u + -12. List the prime factors of d.
2, 3
Let z = 223 + -109. List the prime factors of z.
2, 3, 19
Suppose 60*c = 55*c + 775. What are the prime factors of c?
5, 31
Suppose 22 = -2*g - 20. Let n = g - -30. What are the prime factors of n?
3
Let t(n) = 11*n**3 - n**2 - 2*n + 7. Let g(b) = -23*b**3 + 3*b**2 + 5*b - 15. Let j(i) = -4*g(i) - 9*t(i). List the prime factors of j(-2).
3, 5
Suppose -425 = -2*z - d, 3*z + 5*d = -0*z + 627. What are the prime factors of z?
2, 107
Let m(u) = u**3 - 7*u**2 + 6*u. Let k be m(6). Suppose -15 = 2*z + z, -5*h + z + 40 = k. Suppose -2*r + 21 = h. What are the prime factors of r?
7
Let u(g) = 2*g**2 - 3*g + 1. Suppose 5*p - 11 = q - 4*q, -2*q + 34 = -2*p. Suppose 0 = -k - 3*k + q. What are the prime factors of u(k)?
2, 5
Let i = 72 + -9. Let g = i + -23. List the prime factors of g.
2, 5
Let g(a) = -2*a + 1. Let c be g(-1). Suppose -c*p = -0*p - 6. Suppose p*h + 4*x = 24, -2*h + 2*x = -0*x. List the prime factors of h.
2
Let i = 48